
In base 9, what is -13 + 104737?
104724
In base 12, what is 5 - b768?
-b763
In base 12, what is 14 + 12?
26
In base 5, what is -1144 - -3202?
2003
In base 8, what is 2 - 353360?
-353356
In base 12, what is 34 + -481a2?
-4816a
In base 14, what is 5ad + 446?
a15
In base 13, what is 79 - -2c3?
36c
In base 9, what is -3 - 202302?
-202305
In base 4, what is 2213120 - 1220?
2211300
In base 13, what is -c0 + -92?
-182
In base 15, what is -9501e1 + 4?
-9501dc
In base 11, what is -37 - -16029?
15aa2
In base 15, what is -80 + 3489?
3409
In base 3, what is -101 + -111000012?
-111000120
In base 14, what is 466 - -5a?
4c2
In base 9, what is -3 + 35436?
35433
In base 13, what is 10b + -27a8?
-269a
In base 8, what is 5560 + -104?
5454
In base 15, what is -5d - -79a?
73c
In base 16, what is -49 - 208d?
-20d6
In base 14, what is 10341b - 3?
103418
In base 4, what is -220033 + 11?
-220022
In base 8, what is -1750 + 20?
-1730
In base 15, what is -2a732 + -4?
-2a736
In base 13, what is 1a + 991?
9ab
In base 15, what is -5a + 410?
3a5
In base 14, what is -820 + -1a?
-83a
In base 3, what is -12210202 + 10021?
-12200111
In base 15, what is 10c - c2?
3a
In base 10, what is 17 + 941?
958
In base 8, what is -7 - 4621?
-4630
In base 15, what is 4c546 + 3?
4c549
In base 7, what is 2 - -5326?
5331
In base 11, what is 1a - 10547?
-10528
In base 11, what is 118830 - -1?
118831
In base 4, what is 11 - 1023032132?
-1023032121
In base 11, what is 78694 + 1?
78695
In base 3, what is -111220002 + 21?
-111212211
In base 13, what is 3 - -4a8a8?
4a8ab
In base 9, what is 2332 + -112?
2220
In base 5, what is 224444 + -1132?
223312
In base 16, what is -4 - 32519?
-3251d
In base 12, what is 18bb - -4a4?
21a3
In base 2, what is -110 + -111101001111?
-111101010101
In base 10, what is 2 + 274?
276
In base 11, what is -16 + -7673?
-7689
In base 16, what is -3 + -12e2a?
-12e2d
In base 12, what is 0 - -521b40?
521b40
In base 14, what is -926 - -73?
-893
In base 8, what is -1456 - -5326?
3650
In base 5, what is 122002 + 100?
122102
In base 14, what is -27042 + -2?
-27044
In base 10, what is -1684 + 62?
-1622
In base 14, what is -10d1c1 - -4?
-10d1bb
In base 12, what is 2b4 + -916?
-622
In base 2, what is -1111 - -1000000010100111?
1000000010011000
In base 14, what is -12 + 177?
165
In base 8, what is -101336 + 3?
-101333
In base 5, what is 3 - 233330142?
-233330134
In base 15, what is 1 + -1613?
-1612
In base 13, what is -235a6 - -4?
-235a2
In base 5, what is -21143022 + -31?
-21143103
In base 14, what is 937b6 + -3?
937b3
In base 2, what is 0 - 1110011100001110110?
-1110011100001110110
In base 9, what is -7465 + -33?
-7508
In base 14, what is -49a6 + 0?
-49a6
In base 13, what is 25 - -2ba2?
2bc7
In base 7, what is -653162 - 4?
-653166
In base 11, what is 22 - 448a?
-4468
In base 16, what is -ad - -17?
-96
In base 14, what is 32a31d - 2?
32a31b
In base 6, what is -5 + -3232242?
-3232251
In base 9, what is 3 + 71700?
71703
In base 5, what is 233223 - -4?
233232
In base 6, what is -44 - -14201?
14113
In base 9, what is -1 + -6631?
-6632
In base 11, what is -16 - -1476?
1460
In base 7, what is 20 + -2356630?
-2356610
In base 6, what is 515050 + -5?
515041
In base 12, what is 10b9 - -3a5?
14a2
In base 13, what is -4 - 7a699?
-7a6a0
In base 16, what is -26 - -f6?
d0
In base 6, what is 3 - -4511100?
4511103
In base 13, what is 1 - -18aa?
18ab
In base 16, what is 9 - -1911?
191a
In base 12, what is 1b12 + -15?
1ab9
In base 7, what is -40 - 112211?
-112251
In base 16, what is -8 - 36e8d?
-36e95
In base 2, what is -1100 + -1101010000?
-1101011100
In base 15, what is -125 - 690b?
-6a31
In base 12, what is 4 - -8658?
8660
In base 4, what is -1131232 + -10222?
-1202120
In base 8, what is 25 - -210505?
210532
In base 10, what is 103 - -754?
857
In base 10, what is -28 + 921?
893
In base 8, what is 4 - 37523?
-37517
In base 14, what is -abd + -d61?
-1a40
In base 12, what is 6 + 18881?
18887
In base 6, what is -1023 + -113544?
-115011
In base 7, what is -225146 - -12?
-225134
In base 4, what is -1031 - -20021?
12330
In base 15, what is -27 + d02?
cca
In base 5, what is -1212144 - 300?
-1212444
In base 3, what is 11 - -100202210120?
100202210201
In base 12, what is -18b6b + -3?
-18b72
In base 2, what is -110001011101111 - 101?
-110001011110100
In base 16, what is 3 + 2a0b0?
2a0b3
In base 2, what is 111101000001110001 - 1?
111101000001110000
In base 16, what is 1cab - -3?
1cae
In base 9, what is 2 + -717766?
-717764
In base 5, what is -12234211 + -10?
-12234221
In base 3, what is -101 + 11202121?
11202020
In base 7, what is 4 + 31103?
31110
In base 6, what is 12531 + 101?
13032
In base 16, what is b64b + -12?
b639
In base 7, what is 30 + 214350?
214410
In base 3, what is -21122 + 2100000?
2001101
In base 2, what is 0 - -10110000010010?
10110000010010
In base 6, what is -355154 - -1?
-355153
In base 2, what is 10001101111110010 + -11?
10001101111101111
In base 11, what is -12 + -7?
-19
In base 10, what is -827 + 65?
-762
In base 3, what is 10 - 122110112?
-122110102
In base 13, what is -106846 + -4?
-10684a
In base 16, what is a07 - 40?
9c7
In base 7, what is -20650 + 105?
-20542
In base 12, what is -18 + -22aa?
-2306
In base 15, what is 2 - -1559?
155b
In base 6, what is -40 - -132030?
131550
In base 13, what is -22580 + -1?
-22581
In base 7, what is 1436 - -52?
1521
In base 15, what is 119 + 1393?
14ac
In base 6, what is -3 - 135552?
-135555
In base 4, what is -123 - -3313222?
3313033
In base 14, what is -16 - -4a0?
488
In base 14, what is -1 - 2a478?
-2a479
In base 13, what is 2 + -7811?
-780c
In base 3, what is 102021100 + 221?
102022021
In base 15, what is 44 + b57?
b9b
In base 16, what is 479 - -d?
486
In base 4, what is -20 + -212312?
-212332
In base 7, what is -31524526 - 4?
-31524533
In base 11, what is a + -135?
-126
In base 8, what is 100255 - 0?
100255
In base 5, what is -311204 + -33?
-311242
In base 16, what is -f + -8d?
-9c
In base 4, what is -2 + -120212033?
-120212101
In base 12, what is 1372 + -15?
1359
In base 3, what is -1002201120 + 12012?
-1002112101
In base 9, what is 12 + 5320?
5332
In base 4, what is 11320030 - -10?
11320100
In base 8, what is -4 + -33535?
-33541
In base 15, what is 32b8 - -e?
32c7
In base 11, what is -7 - 5627?
-5633
In base 14, what is 2b - 23c?
-211
In base 3, what is 1002 + -10211102212?
-10211101210
In base 2, what is 110010110 + -10011?
110000011
In base 11, what is -2268 - 4?
-2271
In base 6, what is -5 - -402525?
402520
In base 7, what is 242 - 641?
-366
In base 16, what is -79 + -817?
-890
In base 15, what is 1 - 178e7?
-178e6
In base 7, what is 115 - -222052?
222200
In base 8, what is -2607323 - -5?
-2607316
In base 14, what is -3d - -56c?
52d
In base 3, what is 22 - 2210111022?
-2210111000
In base 14, what is 98 - -1b8?
272
In base 5, what is 20231 + -12100?
3131
In base 11, what is 52 - -5641?
5693
In base 14, what is -1717 + -4d?
-1766
In base 12, what is 3 - 35079?
-35076
In base 13, what is 2c20 - -c3?
3013
In base 4, what is 122 - -32310100?
32310222
In base 5, what is 3 - 2232233?
-2232230
In base 15, what is 1 - -21b7?
21b8
In base 5, what is 23 - 11304314?
-11304241
In base 14, what is b77 - 851?
326
In base 11, what is 7a57 - -4?
7a60
In base 12, what is 203 + 83?
286
In base 16, what is 9c + 346?
3e2
In base 16, what is 3c92 + -2?
3c90
In base 10, what is -45 - -1817?
1772
In base 8, what is 1456 - -1?
1457
In base 8, what is 2 + 120246?
120250
In base 6, what is -515 - -43151?
42232
In base 9, what is 3 - 2402300?
-2402286
In base 11, what is 72 + 58?
11a
In base 6, what is -1 - 545504?
-545505
In base 4, what is -1 + 1002332?
1002331
In base 15, what is 1 - 27262?
-27261
In base 16, what is -30 + -39b?
-3cb
In base 2, what is -10001010100001010 + 101?
-10001010100000101
In base 10, what is -3 - -42855?
42852
In base 6, what is -545 - 532?
-1521
In base 6, what is -5000 + -41?
-5041
In base 7, what is 1 - -62510?
62511
In base 8, what is -5524 + 0?
-5524
In base 9, what is -18568 - 10?
-18578
In base 2, what is 10110101 - -1100001?
100010110
In base 15, what is 6 + -36e?
-368
In base 14, what is 1ddd - 4?
1dd9
In base 6, what is 3 - 435203?
-435200
In base 10, what is -10660 + -8?
-10668
In base 5, what is 1004312 - -10?
1004322
In base 15, 